r + 5*v. Suppose -6*f + r = -2. Let h = -3 - -7. Calculate the highest common factor of h and f.
4
Suppose 5*l - 320 = -4*g, 3*l - 85 = -4*g + 99. Suppose -c = -0 + 4, -3*a = c - 14. Let w be 99/a + (-1)/(-2). Calculate the highest common divisor of w and l.
17
Let h be (-146)/(-10) + 9/(-15). Suppose 26 = -70*u + 83*u. Calculate the highest common divisor of h and u.
2
Suppose 4*x = -53*q + 51*q + 32, q + 5*x = 25. What is the highest common factor of 250 and q?
10
Let w be (1 + -29)*1*-2. Let b be 0 - 1 - (-5 + -1 + 3). Let t be (7/b)/(3/12). Calculate the greatest common divisor of t and w.
14
Let u = -248 - -266. Let p(a) = -a + 4. Let i be p(-5). What is the highest common factor of i and u?
9
Let t = 2141 + -1204. Suppose 9*w = -127 + t. What is the greatest common factor of w and 30?
30
Suppose 3*m + 21 = 4*m. Suppose t + 2*d + 10 - 7 = 0, 3*t + 4*d = -3. What is the greatest common factor of m and t?
3
Suppose -65*y - 709 = -4089. What is the greatest common divisor of y and 2106?
26
Suppose 5*p + 4 = 3*q - 4, 4*p = -4*q. Suppose -2*f + 8 - 10 = 0. Let m be (f + 1 + 3)/1. Calculate the greatest common factor of q and m.
1
Let v(p) = 20*p - 9. Let h be v(5). Suppose -106 = -2*l + 4*x - 0*x, 5*l + 2*x = 265. Suppose -5*k = -12 - l. Calculate the highest common divisor of h and k.
13
Suppose 4*n - 8 = 16. Suppose -f - 3*f = 5*m - 146, -4*m = -3*f - 123. Calculate the greatest common divisor of n and m.
6
Let y(g) = 2*g**3 - 12*g**2 + 2*g - 9. Let n be y(6). Let s(a) = a**2 - 3*a + 3. Let z be s(2). Let k = 0 + z. Calculate the greatest common divisor of n and k.
1
Let q be (-1)/((-5)/(220 - 0)). What is the highest common factor of 110 and q?
22
Let j be (-7)/(-2)*(-31416)/(-294). Calculate the highest common factor of 176 and j.
22
Let p be 290/35 + (-2 - 24/(-14)). Calculate the greatest common factor of 736 and p.
8
Suppose 5*r - 262 = 2*d + d, 116 = 2*r - 4*d. Suppose 0*f + 4*f = -5*q + 132, -2*q - 3*f = -r. What is the highest common divisor of q and 21?
7
Let d be 2/16 + 39/8. Let i(k) = -5*k - 20. Let c be i(-6). Calculate the greatest common divisor of c and d.
5
Let o(g) = 5*g**3 - 3*g**2 + 2. Let d be o(2). Suppose -7*v = -10*v + d. What is the highest common factor of v and 15?
5
Let n(f) = f**2 + 20*f + 5. Let t be n(-20). Suppose -3*r - 3*h - 66 = -6*r, -58 = -3*r - t*h. What is the greatest common divisor of 189 and r?
21
Let o be 100/45*(-6)/4*-18. What is the highest common divisor of 80 and o?
20
Suppose -801 = -7*z + 382. Let j = z - 153. Calculate the greatest common divisor of 32 and j.
16
Let k(g) = -3*g + 13. Let l(c) = -8*c**2 - c. Let m be l(-1). Let h be k(m). What is the highest common divisor of h and 51?
17
Suppose 0 = -v - r - 358, -7*v + 6*v - 4*r = 355. Let m be (1 + -2)*-1 - v. Calculate the greatest common factor of m and 45.
45
Let m(l) = -5*l**2 + 67*l - 23. Let f be m(13). What is the greatest common divisor of 27 and f?
3
Let t be 12/9 + (-228)/9. Let z = -26 + 64. Let u be (-6)/t*z*2. What is the highest common factor of u and 57?
19
Let k(j) = j**2 - 9*j - 14. Let u be 86/8 + 2/8. Let i be k(u). What is the highest common divisor of 20 and i?
4
Let y(i) = i**3 + 5*i**2 + 3*i - 1. Let v be y(-3). Let g(a) = -a**3 - 12*a**2 + 12*a - 5. Let n be g(-13). Calculate the greatest common factor of n and v.
8
Let b be ((-1)/(-1) - -5)*(-830)/(-4). Suppose 327 = -9*q + b. Calculate the highest common divisor of q and 68.
34
Suppose -p = -5*t + 54, -3*t + 0*p - 5*p + 38 = 0. Suppose 12*h - 2 = t*h. Calculate the highest common factor of h and 10.
2
Let z be ((-76)/8 - -7)*-42. What is the highest common divisor of 280 and z?
35
Let l = -6 - -8. Let t be ((-6)/4)/(l/(-12)). Let i be t/12 + (-774)/(-24). What is the highest common factor of i and 3?
3
Suppose 6*i + 0*i - 132 = 0. Let q be (-326)/(-10) + (-6)/(-15). What is the highest common factor of q and i?
11
Let d = -17 - -25. Suppose d*c = 3*c + 10. Suppose -30 = -5*u + c*u. Calculate the greatest common factor of u and 2.
2
Suppose -b + 18 = s, 4*b = 2*s + 64 - 10. Let p(x) = 4*x - 21 - x + 4 - x. Let q be p(16). What is the greatest common factor of b and q?
15
Let q(a) = -11*a**3 - 3*a**2 + 5*a + 6. Suppose 6 = -3*d - 3. Let t be q(d). Calculate the highest common divisor of 29 and t.
29
Suppose -4*t + 270 = -5*d, 15*d - 12*d = 2*t - 136. Let o be (-1)/(-3) - (-231)/9. Calculate the highest common factor of t and o.
13
Let w(g) = -g**3 - 12*g**2 - 6*g + 9. Let p be w(-12). Suppose -4*o + 18 = -18. Calculate the greatest common factor of p and o.
9
Suppose -j - 2*j = -141. Suppose -42*z - 80 = -j*z. Calculate the greatest common factor of 24 and z.
8
Let i = 21 - 7. Let s = 26 - i. Let z be 6/8 + 183/s. What is the greatest common divisor of 144 and z?
16
Let z = 1099 - 862. What is the greatest common divisor of 79 and z?
79
Let i = 69 + -48. Suppose 0*u + i = 7*u. Calculate the greatest common factor of u and 6.
3
Let s = -80 + 134. Suppose 3*w = -6*w + s. Suppose -v + 3*v = 84. What is the highest common factor of v and w?
6
Suppose -3*h = 5*n + 22, -2*n + 0 = -8. Let w = h + 18. What is the greatest common divisor of 1 and w?
1
Let w(z) = 33*z + 472. Let d be w(-14). What is the greatest common factor of 410 and d?
10
Let d(q) = q**2 - 2*q - 2. Let c be d(3). Suppose -5*f + 3 = -2*s + 2, 23 = 5*s - 4*f. Suppose -27 = -s*m + 8. Calculate the greatest common divisor of m and c.
1
Let v(o) = 22*o**3 + 6*o**2 - 7*o + 1. Let s be v(1). Let u(d) = 38*d - 2. Let y be u(2). Let x = 162 - y. What is the greatest common divisor of x and s?
22
Let a be 0/1 + -153 + (-26 - -24). Let f = a - -157. Calculate the greatest common factor of f and 8.
2
Suppose -2*f - f + 18 = 0. Let q = 142 - 201. Let a = q + 89. What is the highest common factor of f and a?
6
Let p(g) = 4*g + 73. Let n be p(-18). Let d be 2 + (-3 + -1 - -2). Suppose d = -o + 2*o - n. What is the highest common factor of o and 8?
1
Let l be 0 + (2 - 5 - -8). Suppose -l = -3*v + 10. Suppose 0 = -s - 4*o - 0 - 1, 0 = -s + v*o + 8. Calculate the greatest common divisor of 3 and s.
3
Suppose -2*z = 2, 3*z + 2 + 13 = 4*i. What is the highest common divisor of 393 and i?
3
Suppose p = -p + 44. Let x be (-3 - 0)/(15415/(-1100) - -14). What is the highest common divisor of x and p?
22
Let o(c) be the first derivative of -c**2/2 - 10*c - 10. Let t be o(-14). Let x be 8 - 2/4*t. Calculate the greatest common factor of x and 12.
6
Let j be 41*4 - 1/((-6)/(-12)). Calculate the highest common factor of j and 108.
54
Let q(m) = -2*m**3 + 25*m**2 - 56*m + 529. Let f be q(12). Suppose 0 = -0*t - 2*t + 26. What is the highest common divisor of f and t?
1
Let v be (-4)/42*3 + 317/7. Let x = -4 - -19. Suppose -4*q + 87 = x. Calculate the greatest common factor of q and v.
9
Let u = -419 - -839. Suppose -c - 3*c = -u. Suppose -3*j = -6*j + 45. Calculate the highest common factor of c and j.
15
Let c(s) = s**3 - 4*s**2 + 7. Let r be c(3). Let y be 118 - (r + (1 - 1)). What is the highest common divisor of 15 and y?
15
Let f = -9 - -9. Suppose f = -3*d + 4*c + 62, -4*d + 3*c + 2*c = -81. Let j = -151 + 305. Calculate the greatest common divisor of j and d.
14
Let o(j) = -3*j + 23. Let l be o(-9). Let i = -32 + 9. Let r = i + 98. What is the highest common factor of r and l?
25
Let x be (4/6 + 56/24)*1. Suppose 3*w - w - 70 = -x*c, -5*w = -10. Calculate the highest common divisor of c and 44.
22
Suppose -2*n - 74 = -4*d, 36 = 6*d - 5*d - 4*n. Calculate the highest common factor of d and 784.
16
Let b = 38 + -36. Suppose b*h + 2*n = -0*n + 28, 3*h - 3*n = 54. Let g = 9 + h. Calculate the highest common divisor of g and 10.
5
Let h = 344 - 288. What is the greatest common divisor of 12 and h?
4
Let f(i) = 4*i - 40. Let w be f(14). Calculate the highest common factor of w and 16.
16
Let g(o) = -3*o**2 - 81*o + 10. Let q be g(-25). What is the highest common divisor of 190 and q?
10
Suppose -30*f + 21 = -9. Let u be 7/(-3) - (-2)/6. Let p be (1 + u)/((-2)/18). What is the greatest common factor of p and f?
1
Suppose 2*o = -o - 3*u + 6, 4 = -4*u. Suppose 44 = 5*g - n, -n + 16 = o*g + n. What is the highest common divisor of g and 72?
8
Let g be ((-17)/34)/(3/(-8880)). Calculate the highest common factor of 40 and g.
40
Suppo